7647 is divided by 295.
117
Calculate the remainder when 282620359 is divided by 1112.
1111
What is the remainder when 3582515 is divided by 895626?
11
What is the remainder when 176872 is divided by 87882?
1108
What is the remainder when 184614 is divided by 241?
8
What is the remainder when 85602 is divided by 17109?
57
Calculate the remainder when 23446 is divided by 1672.
38
What is the remainder when 6183583 is divided by 148?
143
Calculate the remainder when 3790613 is divided by 262.
259
Calculate the remainder when 27791 is divided by 5516.
211
What is the remainder when 18226243 is divided by 29?
4
Calculate the remainder when 72911685 is divided by 1013.
1010
What is the remainder when 521761 is divided by 21681?
1417
What is the remainder when 40089012 is divided by 140?
12
What is the remainder when 2576310 is divided by 14719?
485
What is the remainder when 29677 is divided by 4219?
144
Calculate the remainder when 411582381 is divided by 2796.
2793
What is the remainder when 383 is divided by 125?
8
What is the remainder when 685384 is divided by 137073?
19
Calculate the remainder when 6163559 is divided by 5513.
25
What is the remainder when 23481 is divided by 464?
281
What is the remainder when 181043 is divided by 283?
206
Calculate the remainder when 208438595 is divided by 324.
323
What is the remainder when 1338502 is divided by 60838?
66
Calculate the remainder when 129591 is divided by 14.
7
What is the remainder when 333015 is divided by 11081?
585
Calculate the remainder when 192777 is divided by 152.
41
What is the remainder when 229136473 is divided by 3257?
9
What is the remainder when 19593 is divided by 2794?
35
Calculate the remainder when 1211702 is divided by 605847.
8
What is the remainder when 1451012 is divided by 131908?
24
Calculate the remainder when 61193771 is divided by 959.
940
Calculate the remainder when 200317886 is divided by 2079.
2078
Calculate the remainder when 2235198455 is divided by 558.
557
Calculate the remainder when 1984649 is divided by 1984436.
213
What is the remainder when 9071634 is divided by 256?
18
Calculate the remainder when 546145 is divided by 68268.
1
Calculate the remainder when 437335 is divided by 4905.
790
What is the remainder when 68654 is divided by 90?
74
What is the remainder when 228385 is divided by 921?
898
What is the remainder when 247970 is divided by 49411?
915
What is the remainder when 50139308 is divided by 55?
43
Calculate the remainder when 3534378 is divided by 1178120.
18
What is the remainder when 1330289 is divided by 1535?
979
Calculate the remainder when 53377854 is divided by 25899.
15
What is the remainder when 49736018 is divided by 163?
154
Calculate the remainder when 57190 is divided by 8905.
3760
Calculate the remainder when 2068273 is divided by 18.
1
What is the remainder when 262899 is divided by 9684?
1431
What is the remainder when 3211 is divided by 282?
109
Calculate the remainder when 74354 is divided by 6841.
5944
What is the remainder when 116374 is divided by 4031?
3506
Calculate the remainder when 618410548 is divided by 154602634.
12
Calculate the remainder when 44382922 is divided by 2.
0
What is the remainder when 1339141 is divided by 1272?
997
What is the remainder when 293947 is divided by 146760?
427
What is the remainder when 3236363 is divided by 716?
43
What is the remainder when 54466 is divided by 9863?
5151
What is the remainder when 165549 is divided by 492?
237
What is the remainder when 610541 is divided by 57?
14
What is the remainder when 80947 is divided by 1588?
1547
What is the remainder when 20173994 is divided by 46699?
26
Calculate the remainder when 427104 is divided by 142289.
237
Calculate the remainder when 26495 is divided by 4203.
1277
What is the remainder when 228261926 is divided by 39?
35
What is the remainder when 3229113 is divided by 143?
30
Calculate the remainder when 365189 is divided by 6759.
203
What is the remainder when 888843 is divided by 88748?
1363
What is the remainder when 2267324 is divided by 460?
444
Calculate the remainder when 6831934 is divided by 101966.
212
What is the remainder when 1052556 is divided by 9742?
420
What is the remainder when 94884474 is divided by 13554923?
13
Calculate the remainder when 34410358 is divided by 58521.
10
What is the remainder when 92604 is divided by 2056?
84
Calculate the remainder when 6113657 is divided by 1528402.
49
Calculate the remainder when 360140 is divided by 179470.
1200
What is the remainder when 222897 is divided by 110113?
2671
Calculate the remainder when 396648 is divided by 39610.
548
Calculate the remainder when 13804068 is divided by 3451013.
16
Calculate the remainder when 319001 is divided by 106148.
557
What is the remainder when 587166 is divided by 266?
104
What is the remainder when 1756679 is divided by 12?
11
Calculate the remainder when 11472050 is divided by 68286.
2
What is the remainder when 25783 is divided by 1229?
1203
What is the remainder when 51016493 is divided by 238?
3
What is the remainder when 1300150 is divided by 1360?
1350
Calculate the remainder when 2607767 is divided by 1425.
17
Calculate the remainder when 3331941 is divided by 84.
81
Calculate the remainder when 431191 is divided by 473.
288
What is the remainder when 722126 is divided by 311?
295
Calculate the remainder when 262665 is divided by 309.
15
Calculate the remainder when 6125974 is divided by 5564.
10
What is the remainder when 167475 is divided by 18592?
147
Calculate the remainder when 90245 is divided by 767.
506
Calculate the remainder when 10206 is divided by 1988.
266
What is the remainder when 30607947 is divided by 607?
579
Calculate the remainder when 1509665 is divided by 298.
295
What is the remainder when 839692222 is divided by 2632?
2630
Calculate the remainder when 520986 is divided by 260418.
150
What is the remainder when 2104328 is divided by 338?
278
What is the remainder when 246717 is divided by 8577?
6561
What is the remainder when 555044 is divided by 1638?
1400
Calculate the remainder when 460565599 is divided by 1315.
1314
Calculate the remainder when 9562611 is divided by 398442.
3
Calculate the remainder when 104783 is divided by 17432.
191
Calculate the remainder when 13925115 is divided by 1758.
1755
What is the remainder when 42950698 is divided by 34?
28
What is the remainder when 27916 is divided by 13925?
66
What is the remainder when 14420 is divided by 14037?
383
Calculate the remainder when 75569 is divided by 1937.
26
What is the remainder when 958117 is divided by 275?
17
What is the remainder when 2104413 is divided by 2305?
2253
What is the remainder when 263143 is divided by 82?
5
What is the remainder when 520812 is divided by 25?
12
Calculate the remainder when 4809341 is divided by 77.
75
Calculate the remainder when 13119371 is divided by 38027.
56
What is the remainder when 5997323 is divided by 2072?
955
Calculate the remainder when 2032464 is divided by 4234.
144
What is the remainder when 80127958 is divided by 11?
9
What is the remainder when 1913107 is divided by 231?
196
What is the remainder when 906926 is divided by 145?
96
What is the remainder when 592475 is divided by 671?
653
Calculate the remainder when 3166589 is divided by 681.
620
Calculate the remainder when 68038679 is divided by 1766.
1763
Calculate the remainder when 100797 is divided by 41.
19
What is the remainder when 1074062 is divided by 214?
210
What is the remainder when 7803575 is divided by 1950891?
11
Calculate the remainder when 13100488 is divided by 79.
76
What is the remainder when 7269 is divided by 3319?
631
Calculate the remainder when 1925709 is divided by 622.
619
What is the remainder when 272512 is divided by 2446?
1006
Calculate the remainder when 34556 is divided by 5299.
2762
What is the remainder when 3664365 is divided by 2515?
10
Calculate the remainder when 5318015 is divided by 6191.
6137
Calculate the remainder when 17773600 is divided by 462.
460
Calculate the remainder when 63607 is divided by 2776.
2535
Calculate the remainder when 1965963 is divided by 249.
108
Calculate the remainder when 99516873 is divided by 1058690.
13
What is the remainder when 3285229 is divided by 6